ue
Is 1243304521 composite?
False
Is 438590393 prime?
True
Is 5293031621 a prime number?
True
Is 24838337 a composite number?
False
Is 82799099 a prime number?
True
Is 18249744517 prime?
False
Is 1261895423 composite?
False
Is 47206135117 composite?
False
Is 55884100955 prime?
False
Is 568404451 prime?
False
Is 18202153549 composite?
False
Is 267390386979 a composite number?
True
Is 10368190507 composite?
False
Is 126831071 a composite number?
True
Is 81257447045 a composite number?
True
Is 268333399 composite?
True
Is 7219857233 prime?
True
Is 21753260171 a composite number?
False
Is 1670199217 composite?
True
Is 185213 a composite number?
True
Is 510273917 a prime number?
False
Is 19926997723 prime?
True
Is 49485135227 a composite number?
True
Is 107815754 a prime number?
False
Is 64918183 a composite number?
True
Is 8706191569 a composite number?
False
Is 4051471133 prime?
True
Is 930002569 a prime number?
True
Is 200536673 composite?
True
Is 22265958433 a prime number?
False
Is 7831681229 prime?
False
Is 429275026 a composite number?
True
Is 2406661963 a composite number?
False
Is 45520007879 a prime number?
False
Is 1808628617 prime?
True
Is 5375688079 a composite number?
True
Is 1709042483 a composite number?
True
Is 395613047 prime?
False
Is 272336839 a composite number?
True
Is 6690190139 prime?
True
Is 9921539801 a prime number?
False
Is 4748788391 composite?
True
Is 5522437919 a composite number?
False
Is 5248129561 prime?
True
Is 342557117 composite?
True
Is 491710831 a composite number?
False
Is 14043941731 composite?
False
Is 9075553633 a composite number?
True
Is 10188700369 composite?
False
Is 406724533 prime?
False
Is 631763003 composite?
False
Is 19138327939 composite?
True
Is 3747971 a prime number?
False
Is 31859410613 a composite number?
True
Is 1602523261 a composite number?
True
Is 85261094071 a composite number?
True
Is 2288514397 a prime number?
False
Is 14094195253 a composite number?
True
Is 2129228687 a prime number?
False
Is 600762661 prime?
False
Is 592908949 prime?
False
Is 157856071 composite?
False
Is 3449010391 a prime number?
True
Is 44365258561 composite?
True
Is 20673349799 a composite number?
True
Is 13718597809 a composite number?
True
Is 8742343489 composite?
True
Is 1844784449 a composite number?
True
Is 8460576559 prime?
False
Is 3204283903 a composite number?
False
Is 136984161 prime?
False
Is 88954309 a composite number?
True
Is 259616531 composite?
True
Is 975079559 a prime number?
False
Is 94154057 prime?
True
Is 6212682517 prime?
True
Is 2748281639 a composite number?
False
Is 10012863697 a composite number?
False
Is 9888719471 composite?
True
Is 16552394447 composite?
False
Is 29597624543 a composite number?
True
Is 21823223327 prime?
False
Is 523448227 a composite number?
False
Is 17091116153 a composite number?
False
Is 37647213229 composite?
True
Is 1336993129 prime?
True
Is 4962557569 prime?
True
Is 2577342143 composite?
True
Is 2533412909 a prime number?
False
Is 1564667339 a prime number?
False
Is 189082961 prime?
True
Is 91086703934 prime?
False
Is 976834421 prime?
True
Is 64069243423 composite?
True
Is 5252877403 a prime number?
False
Is 140213297585 composite?
True
Is 12933847813 prime?
True
Is 44957689585 a composite number?
True
Is 6039372743 prime?
False
Is 711807533 a prime number?
True
Is 2256203617 a prime number?
True
Is 86561900039 composite?
True
Is 23805582791 a composite number?
False
Is 214293193 composite?
False
Is 84935555849 a prime number?
True
Is 24607089287 composite?
True
Is 2217413041 prime?
False
Is 648637037 composite?
True
Is 105112846831 a prime number?
False
Is 3140018327 composite?
True
Is 688788419 a prime number?
False
Is 9212080541 a composite number?
False
Is 2774186153 composite?
False
Is 811791899 composite?
True
Is 1925985691 a prime number?
False
Is 3104519359 prime?
True
Is 1799207429 a prime number?
False
Is 811336307 a composite number?
False
Is 2842508939 composite?
False
Is 28809640693 a prime number?
True
Is 189949827019 a composite number?
False
Is 16393662431 a composite number?
False
Is 768828161 a prime number?
True
Is 2600718007 prime?
True
Is 24646554137 composite?
False
Is 366761873 composite?
True
Is 91684401 a composite number?
True
Is 2006901259 prime?
False
Is 3026750773 a composite number?
False
Is 27063049219 prime?
False
Is 4861888151 composite?
True
Is 4432043989 a prime number?
False
Is 882993643 composite?
True
Is 6431813389 a prime number?
False
Is 106945490913 composite?
True
Is 3664028031 a prime number?
False
Is 143062942787 prime?
True
Is 6504370013 a prime number?
True
Is 760265477 a prime number?
False
Is 1551536759 a composite number?
False
Is 10385791055 composite?
True
Is 172968407 a composite number?
False
Is 9607575371 prime?
False
Is 33683417549 composite?
False
Is 938787281 prime?
False
Is 13875818707 a prime number?
True
Is 5553133711 prime?
True
Is 5841879803 prime?
False
Is 1054966243 a composite number?
False
Is 9361019777 a composite number?
False
Is 14278316389 a composite number?
False
Is 5876327577 composite?
True
Is 10798050889 prime?
True
Is 6275069297 composite?
True
Is 45444465709 a composite number?
False
Is 838176851 a composite number?
False
Is 1201293229 prime?
True
Is 489114019 composite?
False
Is 4884621569 a prime number?
True
Is 2197927063 a composite number?
True
Is 16725219691 composite?
False
Is 48436619887 prime?
True
Is 312548069 a prime number?
False
Is 2940647581 prime?
False
Is 648333547 a composite number?
True
Is 678370859 a composite number?
True
Is 19016825323 a composite number?
True
Is 51746444221 prime?
True
Is 4096429913 prime?
False
Is 21831031993 composite?
True
Is 13149803369 a prime number?
True
Is 12495412907 a prime number?
True
Is 1805891297 composite?
True
Is 2303649043 a prime number?
True
Is 919109899 a composite number?
False
Is 424633141 prime?
False
Is 552343093 a composite number?
True
Is 718314073 a prime number?
False
Is 84467417 composite?
True
Is 1216859519 a prime number?
False
Is 589281163 a composite number?
False
Is 3764125289 a prime number?
False
Is 28023206231 a prime number?
False
Is 2987126357 composite?
True
Is 553306927 a prime number?
False
Is 1169220197 composite?
False
Is 3248980639 a prime number?
False
Is 4467062983 composite?
False
Is 6603146369 a prime number?
True
Is 107500829 composite?
False
Is 5643763187 prime?
False
Is 7257402863 composite?
True
Is 17960581 composite?
False
Is 11757921647 a composite number?
False
Is 506501731 a prime number?
False
Is 1988591693 a prime number?
False
Is 121412917 composite?
True
Is 39185821 a composite number?
True
Is 1433498609 prime?
True
Is 1292036441 composite?
False
Is 596592443 composite?
False
Is 11613815813 composite?
False
Is 34129005991 a prime number?
True
Is 1035851987 a prime number?
True
Is 107012753 a composite number?
True
Is 71248091 prime?
True
Is 16065602141 composite?
True
Is 117056227 a composite number?
True
Is 53105753 a prime number?
True
Is 47976307 prime?
False
Is 1140215239 composite?
True
Is 36685028537 a composite number?
False
Is 13893420439 a prime number?
True
Is 633811463 a prime number?
False
Is 574493203 a prime number?
False
Is 798811529 composite?
True
Is 480512887 prime?
True
Is 91386679 a composite number?
True
Is 2898858727 a prime number?
True
Is 1510321357 prime?
True
Is 27833150887 a composite number?
True
Is 22380905509 a prime number?
False
Is 17231708723 composite?
True
Is 2250423073 composite?
True
Is 23460521311 a prime number?
False
Is 153966479 composite?
False
Is 23430366565 composite?
True
Is 6064047557 composite?
False
Is 2478963257 a composite number?
False
Is 7485308113 a composite number?
False
Is 4642879139 composite?
False
Is 48435535087 a prime number?
True
Is 94266691 a prime number?
False
Is 52679120603 prime?
False
Is 10913010599 a composite number?
False
Is 6181759797 prime?
False
Is 278289601 composite?
False
Is 628645447 a prime number?
False
Is 4098761783 composite?
True
Is 36206895683 composite?
True
Is 2232276359 prime?
True
Is 1846381937 a composite number?
False
Is 43202747711 composite?
True
Is 2196235817 composite?
False
Is 676639463 composite?
False
Is 99794954221 prime?
True
Is 2399074889 composite?
False
Is 21618538211 prime?
False